110102122 + 2?
-111201110102120
In base 3, what is 122122011 - -10201112211?
11101011222
In base 11, what is -45 - 125082?
-125117
In base 10, what is 7081582 + 3?
7081585
In base 13, what is 4c7 + -275c2?
-270c8
In base 8, what is -7175 - -637?
-6336
In base 15, what is 294b + 18c?
2ad8
In base 6, what is -1050 - 423342?
-424432
In base 11, what is -27 + -1760266?
-1760292
In base 7, what is -416632 + -2046?
-422011
In base 10, what is -44411 - -13492?
-30919
In base 13, what is -562 + -4a2?
-a34
In base 15, what is -cac7 + 27?
-caa0
In base 13, what is 12cb15 - 7?
12cb0b
In base 9, what is -2122 - 13700?
-15822
In base 7, what is 436556 - 14365?
422161
In base 14, what is 36 + -c8062?
-c802a
In base 5, what is 121230023032 + -3?
121230023024
In base 4, what is 133 + -10020011333?
-10020011200
In base 9, what is 22228 - -6534?
28763
In base 8, what is -6 - -30755561?
30755553
In base 3, what is -22012100022102 - -200?
-22012100021202
In base 7, what is -3430554632 - 0?
-3430554632
In base 9, what is 4 - 42775550?
-42775545
In base 16, what is -4b7f11e + 0?
-4b7f11e
In base 13, what is -3 - 244a236?
-244a239
In base 11, what is -15 + -1180111a?
-11801134
In base 4, what is 230231330201 - -100?
230231330301
In base 3, what is -2000110221010220212 + 0?
-2000110221010220212
In base 4, what is 11311331122 + -3310?
11311321212
In base 5, what is -3012 - -223221?
220204
In base 13, what is 8466 - 41?
8425
In base 16, what is -14 - 1635b4?
-1635c8
In base 5, what is 1241 + -133111411?
-133110120
In base 11, what is 3771 + -8342?
-4681
In base 11, what is -626a162 - 5?
-626a167
In base 7, what is 1261051 + -32?
1261016
In base 13, what is 8166 - -5819?
10982
In base 13, what is 5 - -729b70?
729b75
In base 14, what is 3 - -b4442?
b4445
In base 6, what is -1001053 + -2150?
-1003243
In base 14, what is 20b + 3911?
3b1c
In base 2, what is 1110110111000100 + -100010001?
1110110010110011
In base 6, what is -2433343453 + 1?
-2433343452
In base 6, what is 23342 + -15253?
4045
In base 11, what is -20619 + -32?
-20650
In base 5, what is -1223422400040 + -10?
-1223422400100
In base 3, what is -111012200021122100 + 20?
-111012200021122010
In base 8, what is -2662035 + 305?
-2661530
In base 8, what is -111014523 + -2?
-111014525
In base 7, what is -11513 + 264315?
252502
In base 13, what is -93360334 - -5?
-9336032c
In base 12, what is 2589834 + -1b?
2589815
In base 3, what is -20 - -1211121220?
1211121200
In base 14, what is -1 - -1834b52?
1834b51
In base 7, what is -1 + -12050454?
-12050455
In base 16, what is -f9 + 3a71?
3978
In base 14, what is -1176671 + 5?
-117666a
In base 13, what is -7118c0 + 99?
-711824
In base 5, what is 10 - -2042031121?
2042031131
In base 5, what is -443 + 1304101?
1303103
In base 13, what is 227020 + 61?
227081
In base 11, what is -20800 - -125?
-20686
In base 5, what is -10 + 3042421113?
3042421103
In base 4, what is -3 + -1301133201320?
-1301133201323
In base 15, what is -197c3 + 2?
-197c1
In base 7, what is 222366 + 15?
222414
In base 16, what is -95fcdd + 0?
-95fcdd
In base 6, what is 11351 + -32201?
-20410
In base 2, what is 101101100011101 - 101011000?
101100111000101
In base 14, what is -23418 + b26?
-226d2
In base 11, what is -3 - -11082982?
1108297a
In base 5, what is 400413 - 422101?
-21133
In base 8, what is 216442703 - 0?
216442703
In base 12, what is -105b40 + 9?
-105b33
In base 5, what is 21414202 + 32?
21414234
In base 11, what is -1000477 + 10?
-1000467
In base 11, what is 179480 + -18?
179463
In base 8, what is 1503 + -2324773?
-2323270
In base 4, what is -122330 + -223030?
-1012020
In base 10, what is 34558828 + 4?
34558832
In base 8, what is -204442770 + 3?
-204442765
In base 4, what is 11 - -101230001203?
101230001220
In base 11, what is 8291 + -811?
7580
In base 6, what is 40 + -14145513?
-14145433
In base 12, what is -267b6 - -486?
-26330
In base 3, what is -10 + 1220210021222?
1220210021212
In base 9, what is -717 - -48467?
47650
In base 12, what is -2b65b1 + -3?
-2b65b4
In base 16, what is -2 + -2b8dd84?
-2b8dd86
In base 6, what is -130 + -1110234?
-1110404
In base 2, what is 1000011 + -110001111100110011?
-110001111011110000
In base 15, what is -1 + -1797425?
-1797426
In base 14, what is -9 + -29ac89?
-29ac94
In base 11, what is -152633 + -a12?
-153545
In base 3, what is 10112202220211211 - 2?
10112202220211202
In base 8, what is -212137511 + 0?
-212137511
In base 8, what is 26770 - -56106?
105076
In base 2, what is -100010101110100000111101 + 11?
-100010101110100000111010
In base 13, what is 8 + 324c833?
324c83b
In base 4, what is -222 + -30033101?
-30033323
In base 3, what is 10010220011101 - 1?
10010220011100
In base 3, what is -222 - 1001121102022?
-1001121110021
In base 15, what is -5 + 6720ad?
6720a8
In base 6, what is -41503 - 443?
-42350
In base 2, what is 100111011 - -1000011011011000101001?
1000011011011101100100
In base 3, what is -10 + 2110022110011102?
2110022110011022
In base 3, what is 2101210 - -1?
2101211
In base 12, what is -ab99 + -2934?
-11911
In base 5, what is 4024 - 21210?
-12131
In base 13, what is 45 + 14963?
149a8
In base 14, what is 17 + b713?
b72a
In base 8, what is 2 + -5511001?
-5510777
In base 16, what is 22 + -a729d?
-a727b
In base 15, what is 2870096 - -5?
287009b
In base 8, what is 14147561 - -4?
14147565
In base 8, what is -5 + 3172664?
3172657
In base 11, what is -a31499 + -57?
-a31545
In base 12, what is -491 + 859?
388
In base 15, what is 6ee5 - -3?
6ee8
In base 16, what is 341c + -7815?
-43f9
In base 3, what is 200012101211211010 - 2?
200012101211211001
In base 8, what is -250 - -17137?
16667
In base 3, what is -1 + -12212101000200001?
-12212101000200002
In base 14, what is 1672 + -bc8?
888
In base 4, what is 2 + -13302322111302?
-13302322111300
In base 13, what is 4 + -20706279?
-20706275
In base 4, what is -2132 + 101101223?
101033031
In base 6, what is 3 + 135040334?
135040341
In base 4, what is 1021 - 23003302032?
-23003301011
In base 13, what is -37 + 1b62?
1b28
In base 5, what is -1241434 + -1001012?
-2243001
In base 5, what is 2 - 3134323321?
-3134323314
In base 9, what is -68 + -162366?
-162445
In base 2, what is 110001101011000000 - -1010010?
110001101100010010
In base 5, what is 144 - 1213424214?
-1213424020
In base 2, what is -1111 + -101101101001011011001100?
-101101101001011011011011
In base 5, what is 42214342 + 1?
42214343
In base 14, what is -3102d + 2c?
-31001
In base 8, what is 416106 - 4767?
411117
In base 10, what is 20 - -4313187?
4313207
In base 2, what is -110011 - -1000110010100000110?
1000110010011010011
In base 13, what is 266 - 288cc?
-28666
In base 7, what is -105 - -36246?
36141
In base 8, what is 1050240 - 1146?
1047072
In base 2, what is 1101001001 - 101001100001111110?
-101001010100110101
In base 7, what is -323 - -26020246?
26016623
In base 12, what is 78467 + 37?
784a2
In base 9, what is -143 + -1133470?
-1133623
In base 12, what is 212a77 + -24?
212a53
In base 9, what is 6 + 42344361?
42344367
In base 2, what is 1 - 111001100111010010011011?
-111001100111010010011010
In base 4, what is 322330020 - -112?
322330132
In base 8, what is 157 + 7333624?
7334003
In base 15, what is 25007e + 25?
2500a4
In base 14, what is -10 + -990bb6?
-990bc6
In base 4, what is -111 + 321011302?
321011131
In base 4, what is 233022232331 + -2?
233022232323
In base 3, what is -10202112210 + 2?
-10202112201
In base 4, what is -32133 - -1003200?
311001
In base 5, what is -3 - -1430133202?
1430133144
In base 12, what is -31a7b + -1999?
-33858
In base 14, what is -3380a7 - 22d?
-3382d6
In base 14, what is -43 - 1164915?
-1164958
In base 3, what is -10001010120010 + -2?
-10001010120012
In base 12, what is -5b172 - -19?
-5b155
In base 11, what is 2 + -88372a44?
-88372a42
In base 9, what is 3702280 + 14?
3702304
In base 12, what is -34 + -10928b02?
-10928b36
In base 13, what is 6 + -14bb01?
-14bac8
In base 10, what is -3626877 + 2?
-3626875
In base 6, what is -1 + -4030355301?
-4030355302
In base 8, what is 1761 - -322?
2303
In base 2, what is -11000101111111 + -11001100010?
-11011111100001
In base 14, what is 24b679c - 6?
24b6796
In base 6, what is 0 + -33240045?
-33240045
In base 7, what is -145343645 - -1?
-145343644
In base 12, what is 3 - 15178134?
-15178131
I